late (5 - (-1 - -2)) + (-365 - -368).
7
-6 - (-1 - ((3 - 2) + -1))
-5
Evaluate 39 + -35 - (8 - 3).
-1
8 - (-1 + (8 - -1))
0
What is the value of (-1 - 4) + 3 + -1 + 2?
-1
What is the value of -2 + -10 - (2 - 18)?
4
(0 - -4) + 18 + -42 + 29
9
What is the value of -1 + (-2 - (0 - 6) - 6)?
-3
What is -6 + 13 + 4 + -11?
0
Evaluate (0 - (27 + -9)) + 12.
-6
What is the value of (-1 - -3 - 2) + 89 + -88?
1
Calculate -1 + 2 + (-5 - -1).
-3
Calculate 7 + (-5 - -5) + (-1 - 3).
3
What is 0 - (-25 - -27 - (-2 + -1))?
-5
-1 - ((2 - (0 - -3)) + -1)
1
What is the value of (2 - 5) + (-1 - (-6 + -4))?
6
What is the value of -17 + (9 + -5 - -7)?
-6
What is the value of 0 + -7 + 16 - 5?
4
What is 0 + 3 + 5 + -6?
2
Calculate -5 - (-20 + 8 - -10).
-3
-21 + 19 - (4 - 1)
-5
Calculate -5 + -6 + 3 - -9.
1
What is the value of 2 + 1 - (5 - 3) - 5?
-4
9 + -13 - -1 - -8
5
What is the value of (-18 - -23) + -1 + -7?
-3
-9 - (-17 - (-2 - 4) - -7)
-5
(1 - (1 - 0)) + 0
0
What is the value of (-5 - (3 + -8 + 7)) + 10?
3
Calculate 2 + -7 - 1 - -8.
2
-11 - -9 - -9 - 5
2
Evaluate 0 - ((1 - -3) + -1).
-3
Evaluate -1 - ((-18 + 1 - -6) + 5).
5
What is -10 - (9 + -16 + -1)?
-2
-3 + -1 - (-1 + -1) - -6
4
Evaluate -1 + (-1 - 1) + -4.
-7
What is 8 - 13 - (-4 - -4)?
-5
Evaluate 12 + (-2 - 20) + 10.
0
What is the value of -7 - (4 - -7 - 25)?
7
Evaluate -9 + -1 + 4 + -2 + 5.
-3
Calculate 4 - 1 - (7 + 0).
-4
Evaluate (0 - -1) + (7 + -4 - 3).
1
What is -7 + (4 - -12) + -5?
4
0 - (3 + 6 + -9)
0
(3 - (-3 - -4)) + -6 + 13
9
What is 5 + -16 - (-9 - -2)?
-4
(-4 - -3 - 6 - -3) + 8
4
-2 + 0 - 2 - -2
-2
What is (1 + -3 - (-4 - -5)) + 2?
-1
Evaluate (-1 - 3) + 4 + -5.
-5
What is the value of (3 - 1) + 2 + -4 + -4?
-4
Calculate -4 + 1 + 0 - -5.
2
What is the value of -2 + 7 + -5 + 1?
1
Evaluate -4 + (-4 - -7) + (1 - 5).
-5
Evaluate -2 + 1 + (4 + -1 - 6).
-4
What is the value of 2 + (-2 - 1) + -1 + 3?
1
What is 1 + (9 - 17 - -4)?
-3
What is the value of 3 - (4 + -3 + 3)?
-1
Calculate 5 + -3 + -3 + 0.
-1
Evaluate 1 + -8 + 4 + 18 + -6.
9
Evaluate 3 - 3 - (-2 + 1 + 2).
-1
Evaluate 2 - ((-1 - -4) + -4) - 4.
-1
Calculate (-1 - -13 - 4) + -2.
6
Evaluate 14 + -9 - (0 - -4).
1
-38 + 43 - (3 + 11)
-9
What is (-1 - -1) + -2 + 7?
5
What is 0 + (-6 + -2 + 4 - -1)?
-3
What is (-2 - -3 - 1) + 0 - 1?
-1
Calculate -2 + (5 - -5) + -7.
1
0 - ((-4 - -2 - -1) + 2)
-1
(-2 - 2 - -4) + 2
2
What is -3 + 2 - 6 - 0 - 1?
-8
What is -3 + (-8 - (-5 - (-6 - -4)))?
-8
0 + (0 + -5 - (-5 + 2))
-2
3 + 9 + (9 - 28)
-7
What is the value of 0 + -6 + 2 + 21 + -19?
-2
What is -1 + 6 - (5 - 3)?
3
Evaluate -9 - (-16 - (1 - 11)).
-3
What is the value of -6 + 6 + (2 - 6) - -2?
-2
-4 - ((8 - 3) + -5 + -2)
-2
What is the value of -6 + 1 - (-16 + 10)?
1
Evaluate -2 - (-1 + -1 - (31 - 33)).
-2
-2 + (5 - -1) + -12
-8
Evaluate -4 - (3 - 10) - 3.
0
Evaluate 2 + -1 + -10 + 6 + -3.
-6
What is (-5 + 6 - 2) + 0 - 1?
-2
10 + -8 + 1 + 3
6
Calculate 6 + -3 + -4 + (-1 - 0).
-2
Calculate 5 + 4 + -13 + 4.
0
Evaluate 4 + (4 - -1) + -3.
6
Calculate 22 + -26 - (-2 - 11).
9
Evaluate (5 - -2 - 3) + -12 - -4.
-4
(6 - (7 - -2)) + 6
3
Evaluate 4 - 0 - (25 - 16) - -4.
-1
What is (-2 - -4) + (3 - 4) + 2?
3
8 + -2 - 10 - (1 + 1)
-6
What is (-2 - -1) + 1 + 0?
0
(-20 - -20) + -1 + 1 + 5
5
Calculate (-21 + 18 - (0 + 6)) + 5.
-4
What is -4 + (4 - (3 - 3))?
0
Calculate -4 + 5 + -1 + 0.
0
1 + (-2 - -3) + 3
5
Calculate (-5 - -8) + 2 - 0.
5
Calculate 2 - (2 + 10) - -11.
1
2 + -3 + -2 + (-263 - -272)
6
Calculate (-3 - -2) + 2 + (0 - -2).
3
(-1 - 6) + (-3 - -7)
-3
What is the value of 3 + 2 - -6 - 6?
5
6 + (-9 - (-6 - -5)) - 0
-2
Calculate -3 - -7 - -1 - (0 - 0).
5
7 - ((-2 - -12) + 0)
-3
Calculate (-11 - -1) + 7 - 2.
-5
What is the value of 0 - -4 - (-1 + 8)?
-3
Calculate 3 - (7 - 3) - -2.
1
Evaluate (1 + 1 - (5 + 6)) + 4.
-5
What is the value of 0 + 1 + (-3 - 6) + 3?
-5
Calculate -2 + -3 + 7 - (3 - 6).
5
Calculate -4 + (2 - -5) + -1 - -3.
5
Calculate -6 + -4 - (-13 - -10 - 2).
-5
2 - (-5 - -9 - -1)
-3
-7 - (6 + -8 + -4)
-1
Calculate (166 - 168) + 1 + -4.
-5
-3 + 3 + -2 - 0
-2
10 - ((3 - 1) + 3)
5
Evaluate (2 - 3) + -3 + 4.
0
What is 25 + -20 - (-2 - -12)?
-5
What is the value of (2 - -5) + -3 - 1?
3
What is 0 + -1 + (19 - 1) + -12?
5
Calculate -10 + (4 - -1) - -3.
-2
What is -1 - -2 - (4 - (-4 - -5))?
-2
What is 4 - (9 + 2) - (1 - 3)?
-5
Calculate 1 - 0 - (-1 - (4 - 8)).
-2
Calculate -3 + 2 + -2 + (13 - 6).
4
Evaluate 2 - (2 - (-2 + 1)).
-1
0 + (-2 - 2) - (-37 + 32)
1
What is the value of 3 + -3 - (0 - 2 - -5)?
-3
What is 0 + -3 - 0 - (-7 - -1)?
3
Evaluate 0 - (-2 + 9 + 0).
-7
What is 3 + 0 + -1 + -32 + 31?
1
What is the value of -5 + 5 + 1 + 0 + -3?
-2
1 + (-3 - -7) + (25 - 26)
4
Calculate (4 + -6 - -3) + -2.
-1
-11 - ((-6 - (-5 - 3)) + -9)
-4
Calculate (25 - 23) + 1 + -1.
2
What is (1 - 12) + (-38 - -43)?
-6
Evaluate (-1 - 3) + (1 - -5) + -3.
-1
Evaluate 11 - (5 + 7 - 0).
-1
What is the value of -1 - -1 - (9 - 12)?
3
What is 4 - 4 - (-1 + -2)?
3
Calculate -12 - (8 - (22 - -7)).
9
Evaluate 0 - (-2 + 7 - (1 + 2)).
-2
Calculate -2 + 4 + (4 + -1 - 8).
-3
What is (0 - 0) + (-1 - (4 - 2))?
-3
Evaluate 10 - (11 + 3 + -5).
1
What is the value of 0 + -6 - (-52 - -40)?
6
(-1 - -3) + (3 - 7)
-2
Evaluate -7 + 2 - -6 - 6.
-5
What is the value of -2 - (-2 + 3) - (-1 - -3)?
-5
-1 - (0 + -3 - 0)
2
Calculate (-6 - -8) + -2 - -8.
8
What is -7 + 6 + 1 - 5?
-5
What is -15 + -1 - (98 + -109)?
-5
What is the value of (4 - (20 + -8)) + 10?
2
What is the value of -1 - (4 + 0 + -2)?
-3
What is 14 + -8 + 2 + -5?
3
Calculate -1 - (3 + -9 - -4).
1
Calculate 4 + -5 - -8 - 6.
1
What is 90 - 87 - (1 - 5)?
7
What is -149 + 141 + (-2 + 1 - -18)?
9
Evaluate (-1 + -2 - -2 - -1) + 3.
3
14 - (-6 + 16 + -3)
7
Calculate (5 - 4 - 5) + 1.
-3
1 + -5 + 9 - (1 + 1)
3
Calculate -4 - -16 - (4 + (-2 - -4)).
6
What is -44 - -40 - (-7 - 0)?
3
Evaluate -2 + (-13 - -14 - -11).
10
Calculate 8 + -24 + 15 - 10.
-11
What is the value of 5 - 5 - 3 - (3 - 8)?
2
Evaluate (2 - -1) + 3 + (-23 - -10).
-7
Calculate (9 - -4) + 1 + (-16 - -10).
8
Evaluate 1 + (2 - -7 - 4).
6
What is (23 - 8 - 8) + 0?
7
What is (-10 - (-6 - 2)) + -3?
-5
What is -2 + (7 - 6) + -3?
-4
What is the value of 4 + (7 - 1) + -5 + -12?
-7
Calculate -5 - -2 - -7 - 0.
4
What is the value of -2 - (-11 - -9 - 3)?
3
Calculate 0 - 0 - (2 - (3 - -3)).
4
What is the value of 9 + (3 - 9 - -2)?
5
What is the value of 0 - ((-9 - -2) + 4)?
3
What is (-3 - ((-2 - 3) + 4)) + 4?
2
What is the value of -19 + 1 + (-65 - -74)?
-9
Evaluate 2 + -2 + -5 + 3.
-2
What is the value of 6 - -2 - -2 - (-3 - -3)?
10
Calculate 58 + -63 + 1 + 1.
-3
14 + (9 - (-7 - -19))
11
7 + -3 + -2 + 1 + -6
-3
What is (2 - 12) + (-9 - -15)?
-4
What is the value of (2 + -3 - 2) + -1?
-4
What is the value of 1 + -2 + 6 + -1 + -2?
2
What is the value of 5 + -2 + 11 + -6 + -1?
7
Evaluate -2 - (-2 + 1 + (3 - 1)).
-3
Evaluate 98 + -95 - (-1 + 6).
-2
-3 + -1 + -4 + 17
9
Evaluate (2 - 2) + -1 - 3.
-4
What is the value of -2 + 0 + 1 + 9 + -6?
2
What is the value of 3 + 1 + -13 + 12?
3
Evaluate (3 - 3) + 0 - 4.
-4
-8 - (1 + 0 + 2 - 8)
-3
Calculate (-4 - (-5 - -2)) + -3.
-4
Calculate 3 + -3 + 0 + -3 + -2.
-5
What is -5 - (-7 + -5 + 8) - 7?
-8
Calculate (-6 - -5) + 7 + -7.
-1
What is the value of 10 + -7 + (-3 - 3) - -6?
3
Calculate (1 - 2) + -8 + 2 + 0.
-7
(-4 - (3 - (-2 + 4))) + 2
-3
Evaluate 5 + (-3 - -1) + -6.
-3
What is -18 + 11 + (-8 - -12)?
-3
Evaluate (-2 - 0 - -4) + 0 + -2.
0
What is the value of -5 - 1 - 1 - (90 + -94)?
-3
What is -5 + -3 + 7 + 0?
-1
(6 - (-3 + 4)) + 0 + 1
6
Calculate 4 - (-3 - -6 - (-5 + 5)).
1
What is the value of 4 + (-6 - (-4 + 9))?
-7
What is the value of -2 - -2 - (2 - (5 - 0))?
3
What is the value of 7 - (16 - 10) - -5?
6
5 + -4 + -7 + 3
-3
6 + -5 + -3 - -4
2
What is the value of 5 - 3 - (0 - -5) - 1?
-4
Calculate -5 - (1 - (7 + -3 + 3)).
1
-7 - -2 - (0 + 13 + -23)
5
What is -3 + 0 + 4 + (1 - 1)?
1
Calculate -1 + -1 + (0 + 7 - 4).
1
What is the value of (1 - 2) + 6 + -4 + 1?
2
(8 - (-3 + 6 + -2)) + -3
4
Calculate 4 - (6 - 4 - 1).
3
What is 6 + 3 + -5 + -3 - -1?
2
Evaluate 5 - (-1 + 9 + -5 + 1).
1
Evaluate -4 + -3 + 1 - -1.
-5
-5 + 0 - (-3 + -6 + -1)
5
Evaluate -7 + (-5 - -2 - 3 - -5).
-8
What is the value of (-3 + (7 - 2) - -1) + -1?
2
0 + (5 - (12 - 9))
2
What is the value of -1 + 